 is the remainder when d is divided by n?
1
Let s(b) = 26*b**3 + 17*b**3 - b**2 - 13*b**3. Calculate the remainder when s(1) is divided by 16.
13
Suppose 8 = -4*n + 20. Suppose 0*y - 6 = -n*y. Suppose -y*a = -0*a - 12. Calculate the remainder when 22 is divided by a.
4
Let i(p) = -3*p - 16. Let v be i(-5). Calculate the remainder when 82 is divided by -4 - (136/(-4) + v).
20
Suppose 2*c - 108 = 2*z - 4*z, 4*z - 5*c - 216 = 0. Calculate the remainder when z is divided by 15.
9
Let q = 210 + -168. What is the remainder when 249 is divided by q?
39
Let p = 282 + -265. What is the remainder when 26 is divided by p?
9
Let y be ((-2)/(-3))/(8/(-60)). Let j be (0 + (-3)/y)*5. Suppose 4 = j*k - k. Calculate the remainder when k is divided by 2.
0
Suppose 24*m - 137 = 4351. What is the remainder when m is divided by 47?
46
Suppose -58 = -t + 18. What is the remainder when t is divided by 21?
13
Suppose -14*l + 13*l = 1398. What is the remainder when 6/(-21) + l/(-42) is divided by 9?
6
Let t = 20 + -16. Suppose 6 + 9 = -5*w, 0 = 4*h - 4*w - 304. Suppose 2*i - 13 = -3*a, 4*i - 3 - h = 4*a. Calculate the remainder when i is divided by t.
2
Let g(p) = 20*p**3 - 7*p**2 + 7*p. What is the remainder when (-1)/(-1 - 316/(-318)) is divided by g(1)?
19
Calculate the remainder when -12*326/(-20) + 408/1020 is divided by 25.
21
Suppose 0 = -a - 5*g + 76, -5*g - 256 = -5*a + 64. What is the remainder when 129 is divided by a?
63
Suppose 5*q = 290 + 295. Suppose 0 = -2*m + 10*i, -3*m + 3*i = -3 - 45. Calculate the remainder when q is divided by m.
17
Let f = -200 - -217. What is the remainder when 33 is divided by f?
16
Let n(i) = -5*i + 1. Suppose -2*z = -w - 14, 4*w - 10 = 7*w + 2*z. Let r(k) = -k**2 + 7*k - 1. What is the remainder when n(w) is divided by r(4)?
9
Suppose 3*x + 67 = 2*z, 2*x + 12 = -5*z + 189. Calculate the remainder when 244 is divided by z.
34
Let y(l) = 25*l**2 + 3*l + 4. Calculate the remainder when 49 is divided by y(-1).
23
Let n(s) = -s**2 + 45*s - 443. What is the remainder when (-39)/((3/2)/(-1)) is divided by n(30)?
5
Calculate the remainder when 70/20*2000/28 is divided by 21.
19
Suppose -38 = -3*z + 295. Suppose 4*v + 0*h - 3*h - z = 0, 0 = -3*v - 4*h + 77. Suppose -23*g + 174 = -171. What is the remainder when v is divided by g?
12
What is the remainder when 169 is divided by (1 - -4) + (-18 - -49)?
25
Let k = 35 - 15. Suppose 55*s - 57*s + 14 = 0. Suppose -k = 3*j - s*j. What is the remainder when 14 is divided by j?
4
Let r be ((-13)/39)/(-1 - 4/(-6)). Let k(f) = 100*f**3 - f**2 + f - 1. Calculate the remainder when k(r) is divided by 25.
24
Let n = -56 + 194. Calculate the remainder when n is divided by 35.
33
Let q(j) = -2*j**2 - 10*j + 7. Let r(g) = -g. Let p(l) = q(l) - 4*r(l). Calculate the remainder when 20 is divided by p(-3).
6
Suppose -3*r + 171 = -0*r. Suppose 4*u + 5*c = 422 - r, 0 = -4*u - 3*c + 371. Calculate the remainder when u is divided by 32.
31
Let k = -23 - -32. Suppose 45 = 4*n + k. Let a = -7 - -13. What is the remainder when n is divided by a?
3
Let s(g) = -1. Let r(b) = -117*b**3 - 3*b**2 + 2*b - 4. Let w(u) = -r(u) + 3*s(u). Calculate the remainder when w(1) is divided by 30.
29
Let s be (-1719)/(-5) + (-1)/(-5). Suppose 9*j - s = j. What is the remainder when j is divided by 11?
10
Suppose 0*l = 2*l - 4. Suppose 4*f - 11 = -3*u, -l*u - f + 13 = -1. Suppose -2*r - u = -47. Calculate the remainder when r is divided by 5.
4
Suppose 106*s - 15 = 103*s. Suppose 0 = 5*r + 5*y - 195, 2*r + s*y = -0*r + 69. What is the remainder when r is divided by 22?
20
What is the remainder when ((-12)/10 + 0)*(-110 - -20) is divided by 16?
12
Let i be 6 + -2 - (-4)/((-2)/1). Suppose 0*g + 5*f - i = -g, -5*g + 54 = 3*f. Calculate the remainder when g is divided by 9.
3
What is the remainder when (0 + 788)/(-44 + 48) is divided by 34?
27
Let o be 0/(3*4/(-6)). Suppose r - 3*r = 3*k - 9, 2*r + k + 1 = o. What is the remainder when 29 is divided by 0 + -5*9/r?
14
Let k(a) = 19*a - 81. Let g be k(13). Let p = 176 - g. Calculate the remainder when 28 is divided by p.
8
Calculate the remainder when ((-220)/(-6))/(98/147) is divided by 16.
7
Suppose 2*w + 157 = 3*w. Let i(f) = -59*f - 1347. Calculate the remainder when w is divided by i(-23).
7
Suppose -20*l = -727 + 267. What is the remainder when 208 is divided by l?
1
Suppose -4*q + 3*q = v - 3, 0 = 2*v - q - 9. Suppose -26 = 2*d - 0*x - v*x, 0 = -4*d - 3*x - 74. Let m = 21 + d. Calculate the remainder when 5 is divided by m.
1
Let a be 1*((-1)/2)/(2/(-4)). What is the remainder when (7 - 32/(-24))*3*a is divided by 8?
1
Calculate the remainder when 135*(2/(-2))/(20/(-12)) is divided by 7.
4
Let m = 1204 - 1176. What is the remainder when m is divided by 12*(-3)/(-12)*2?
4
Suppose 2*y - 35 = 2*h - 9, 2*y = 3*h + 23. What is the remainder when 238 is divided by y?
14
Let h(c) = -c**2 - c**3 + 4*c - 3*c + 0*c**3 + 7. Suppose -5*j = -7*j - 5*t + 20, t = j + 4. What is the remainder when 26 is divided by h(j)?
5
Let j(v) be the third derivative of v**5/60 - 5*v**4/24 - v**3/3 + 2*v**2. Let n be j(6). Calculate the remainder when (-4)/(n + 42/(-9)) is divided by 3.
0
Let o = 172 - 85. Let x = -107 - -153. Calculate the remainder when o is divided by x.
41
Suppose 81 = f + 3*m - 7*m, -5*m + 5 = 0. Calculate the remainder when 1018 is divided by f.
83
Let r(m) = -m**2 - 26*m + 172. Suppose 7*u - 3*u = 28. What is the remainder when r(5) is divided by u?
3
Let v be (0/8)/((-2)/(-1)). Let d(c) = c**3 - c + 9. Let r be d(v). Suppose 2*h - 5*s = 4*h - 17, 3*s + r = 2*h. Calculate the remainder when h is divided by 2.
0
Let n = 23 + -22. Let f(m) = 5*m**2 + m + 1. Let p(g) = 6*g**2 + 2*g + 2. Let s(x) = 3*f(x) - 2*p(x). What is the remainder when s(1) is divided by n?
0
Suppose 2*x + 4 = 0, -17 - 43 = -2*g + 5*x. Calculate the remainder when 89 is divided by g.
14
Let t(q) = 85*q**2 - 5*q - 3. Let x = 0 + 1. What is the remainder when t(1) is divided by 14 + (-3 + x)*-1?
13
Let c = -6 + 7. Calculate the remainder when c - -1*16*3 is divided by ((-136)/(-16))/((-2)/(-4)).
15
Suppose 3*g - 1 = 5. Suppose 0 = g*c - 4*c. Suppose -3*y + 3*f - 5*f + 26 = c, 0 = y - 2*f - 14. What is the remainder when y is divided by 7?
3
Let p be (27/18)/((-3)/28). Let a = -8 - p. What is the remainder when 22 is divided by 32/a + 16/24?
4
Let q(b) = 39*b - 91. What is the remainder when 200 is divided by q(3)?
18
Let v be (-3 - -10)*(-3)/(-7). Suppose -26 = q - v*q. What is the remainder when 24 is divided by q?
11
Suppose -2 = -5*u + 8. Suppose -23 = -u*z - 5. Calculate the remainder when 17 is divided by z.
8
Let v(g) = -84*g - 159. Let j be (3 + 0)/((-3)/(-34)). Let m = j + -18. What is the remainder when m is divided by v(-2)?
7
Suppose -12 = -3*b, 5*s - 696 - 98 = 4*b. Calculate the remainder when s is divided by 24.
18
Let g(o) = 14*o. Let m be g(0). Let t(a) = -2*a**2 - 2*a + 20. What is the remainder when 26 is divided by t(m)?
6
Let s(w) = w**2 + 2*w - 12. What is the remainder when 58 is divided by s(5)?
12
Let p be (-3*-4*4/24)/1. Suppose 0 = w, p*k - 2*w + 392 = 6*k. Calculate the remainder when k is divided by 25.
23
Let h = 767 - 393. What is the remainder when h is divided by 13?
10
Suppose -i = -3*l - 0*l + 203, 211 = 3*l - 5*i. Calculate the remainder when 153 is divided by l.
19
Let a = -12 + 1. Suppose 5*z = 5*s + z + 10, 5*s + 5*z - 35 = 0. Calculate the remainder when 22 is divided by -1 + a/(-1) + s.
10
Let w = -40 - -43. Suppose -w*m - 50 = -2*k - 2*m, -5*k + 125 = -m. Calculate the remainder when 49 is divided by k.
24
Let b(p) = -39*p - 39. Let d(w) = 8*w + 8. Let s(k) = -5*b(k) - 24*d(k). Let y be s(4). Let r = -9 + y. Calculate the remainder when r is divided by 4.
2
Suppose h - 3*h - f = -109, -3*f - 150 = -3*h. Suppose 3 = p + 24. Let k = h + p. Calculate the remainder when k is divided by 12.
8
Suppose 0 = -m + 5, 0 = 3*u + 5*m - 3*m - 148. Calculate the remainder when 274 is divided by u.
44
Let x(i) = 9*i**2 - 13. Let a be x(-6). Suppose -3*o - 14 + a = -c, c + 198 = 2*o. What is the remainder when o is divided by 25?
24
Let g = 51 - 40. Let x = -49 + 90. Calculate the remainder when x is divided by g.
8
Let w be -3 + -3 + 1 + 44. Suppose 2*l - 5*l - w = 0. Let i = -6 - l. Cal